{"id":2150,"date":"2025-08-20T08:38:58","date_gmt":"2025-08-20T06:38:58","guid":{"rendered":"https:\/\/www.sima-handel.de\/carrera\/"},"modified":"2025-12-23T11:52:41","modified_gmt":"2025-12-23T10:52:41","slug":"carrera","status":"publish","type":"page","link":"https:\/\/www.sima-handel.com\/es\/carrera\/","title":{"rendered":"Carrera"},"content":{"rendered":"\t\t<div data-elementor-type=\"wp-page\" data-elementor-id=\"2150\" class=\"elementor elementor-2150 elementor-151\" data-elementor-post-type=\"page\">\n\t\t\t\t<div class=\"elementor-element elementor-element-bbae64e pad-b-m e-flex e-con-boxed e-con e-parent\" data-id=\"bbae64e\" data-element_type=\"container\" id=\"content\" data-settings=\"{&quot;jet_parallax_layout_list&quot;:[]}\">\n\t\t\t\t\t<div class=\"e-con-inner\">\n\t\t\t\t<div class=\"elementor-element elementor-element-830c186 elementor-widget__width-initial elementor-widget elementor-widget-heading\" data-id=\"830c186\" data-element_type=\"widget\" data-widget_type=\"heading.default\">\n\t\t\t\t<div class=\"elementor-widget-container\">\n\t\t\t\t\t<h1 class=\"elementor-heading-title elementor-size-default\">Carrera<\/h1>\t\t\t\t<\/div>\n\t\t\t\t<\/div>\n\t\t\t\t<div class=\"elementor-element elementor-element-d23b77d elementor-widget__width-initial elementor-widget-tablet_extra__width-inherit elementor-widget-tablet__width-inherit elementor-widget-mobile_extra__width-inherit elementor-widget-mobile__width-inherit elementor-widget elementor-widget-text-editor\" data-id=\"d23b77d\" data-element_type=\"widget\" data-widget_type=\"text-editor.default\">\n\t\t\t\t<div class=\"elementor-widget-container\">\n\t\t\t\t\t\t\t\t\t<p>Forma parte de una empresa innovadora y en constante crecimiento con m\u00e1s de 20 a\u00f1os de experiencia en el comercio, la confecci\u00f3n por encargo y la fabricaci\u00f3n de productos de vell\u00f3n. Te esperan tareas variadas, modernas instalaciones de producci\u00f3n, procesos de trabajo flexibles y un equipo que colabora en un ambiente de compa\u00f1erismo. Dise\u00f1a tu futuro profesional con nosotros, \u00a1te esperamos!  <\/p>\t\t\t\t\t\t\t\t<\/div>\n\t\t\t\t<\/div>\n\t\t\t\t<div class=\"elementor-element elementor-element-204da2c elementor-widget elementor-widget-jet-listing-grid\" data-id=\"204da2c\" data-element_type=\"widget\" data-settings=\"{&quot;columns&quot;:&quot;1&quot;,&quot;columns_tablet&quot;:&quot;1&quot;,&quot;columns_mobile&quot;:&quot;1&quot;}\" data-widget_type=\"jet-listing-grid.default\">\n\t\t\t\t<div class=\"elementor-widget-container\">\n\t\t\t\t\t<div class=\"jet-listing-grid jet-listing\"><div class=\"jet-listing-not-found jet-listing-grid__items\" data-nav=\"{&quot;enabled&quot;:true,&quot;type&quot;:&quot;click&quot;,&quot;more_el&quot;:null,&quot;query&quot;:{&quot;post_status&quot;:[&quot;publish&quot;],&quot;post_type&quot;:&quot;karriere&quot;,&quot;posts_per_page&quot;:&quot;100&quot;,&quot;paged&quot;:&quot;1&quot;,&quot;ignore_sticky_posts&quot;:&quot;1&quot;,&quot;order&quot;:&quot;ASC&quot;,&quot;orderby&quot;:&quot;title&quot;,&quot;signature&quot;:&quot;2a6edf9ef415fdee7bc47a7ae3ce0ab1606e304c4fe93aaaaa49a18025f507d6&quot;},&quot;widget_settings&quot;:{&quot;lisitng_id&quot;:958,&quot;posts_num&quot;:100,&quot;columns&quot;:1,&quot;columns_tablet&quot;:1,&quot;columns_mobile&quot;:1,&quot;column_min_width&quot;:240,&quot;column_min_width_tablet&quot;:240,&quot;column_min_width_mobile&quot;:240,&quot;inline_columns_css&quot;:false,&quot;is_archive_template&quot;:&quot;&quot;,&quot;post_status&quot;:[&quot;publish&quot;],&quot;use_random_posts_num&quot;:&quot;&quot;,&quot;max_posts_num&quot;:9,&quot;not_found_message&quot;:&quot;Actualmente no tenemos puestos vacantes.&quot;,&quot;is_masonry&quot;:false,&quot;equal_columns_height&quot;:&quot;yes&quot;,&quot;use_load_more&quot;:&quot;yes&quot;,&quot;load_more_id&quot;:&quot;&quot;,&quot;load_more_type&quot;:&quot;click&quot;,&quot;load_more_offset&quot;:{&quot;unit&quot;:&quot;px&quot;,&quot;size&quot;:0,&quot;sizes&quot;:[]},&quot;use_custom_post_types&quot;:&quot;&quot;,&quot;custom_post_types&quot;:[],&quot;hide_widget_if&quot;:&quot;&quot;,&quot;carousel_enabled&quot;:&quot;&quot;,&quot;slides_to_scroll&quot;:&quot;1&quot;,&quot;arrows&quot;:&quot;true&quot;,&quot;arrow_icon&quot;:&quot;fa fa-angle-left&quot;,&quot;dots&quot;:&quot;&quot;,&quot;autoplay&quot;:&quot;true&quot;,&quot;pause_on_hover&quot;:&quot;true&quot;,&quot;autoplay_speed&quot;:5000,&quot;infinite&quot;:&quot;true&quot;,&quot;center_mode&quot;:&quot;&quot;,&quot;effect&quot;:&quot;slide&quot;,&quot;speed&quot;:500,&quot;inject_alternative_items&quot;:&quot;&quot;,&quot;injection_items&quot;:[],&quot;scroll_slider_enabled&quot;:&quot;&quot;,&quot;scroll_slider_on&quot;:[&quot;desktop&quot;,&quot;tablet&quot;,&quot;mobile&quot;],&quot;custom_query&quot;:false,&quot;custom_query_id&quot;:&quot;&quot;,&quot;_element_id&quot;:&quot;&quot;,&quot;collapse_first_last_gap&quot;:false,&quot;list_tag_selection&quot;:&quot;&quot;,&quot;list_items_wrapper_tag&quot;:&quot;div&quot;,&quot;list_item_tag&quot;:&quot;div&quot;,&quot;empty_items_wrapper_tag&quot;:&quot;div&quot;}}\" data-listing-source=\"posts\" data-listing-id=\"958\" data-query-id=\"\" data-queried-id=\"2150|WP_Post\">Actualmente no tenemos puestos vacantes.<\/div><\/div>\t\t\t\t<\/div>\n\t\t\t\t<\/div>\n\t\t\t\t\t<\/div>\n\t\t\t\t<\/div>\n\t\t<div class=\"elementor-element elementor-element-57dddc1 pad-tb-m e-flex e-con-boxed e-con e-parent\" data-id=\"57dddc1\" data-element_type=\"container\" data-settings=\"{&quot;jet_parallax_layout_list&quot;:[],&quot;background_background&quot;:&quot;classic&quot;}\">\n\t\t\t\t\t<div class=\"e-con-inner\">\n\t\t<div class=\"elementor-element elementor-element-efd9f2a e-con-full e-flex e-con e-child\" data-id=\"efd9f2a\" data-element_type=\"container\" data-settings=\"{&quot;background_background&quot;:&quot;classic&quot;,&quot;jet_parallax_layout_list&quot;:[]}\">\n\t\t\t\t<div class=\"elementor-element elementor-element-18f6654 elementor-widget elementor-widget-heading\" data-id=\"18f6654\" data-element_type=\"widget\" data-widget_type=\"heading.default\">\n\t\t\t\t<div class=\"elementor-widget-container\">\n\t\t\t\t\t<h2 class=\"elementor-heading-title elementor-size-default\">Esperamos recibir su solicitud con todos los datos pertinentes.<\/h2>\t\t\t\t<\/div>\n\t\t\t\t<\/div>\n\t\t\t\t<\/div>\n\t\t<div class=\"elementor-element elementor-element-672ebd2 e-con-full e-flex e-con e-child\" data-id=\"672ebd2\" data-element_type=\"container\" data-settings=\"{&quot;background_background&quot;:&quot;classic&quot;,&quot;jet_parallax_layout_list&quot;:[]}\">\n\t\t\t\t<div class=\"elementor-element elementor-element-a20f53b elementor-widget__width-initial elementor-widget-laptop__width-initial elementor-widget-mobile_extra__width-inherit elementor-widget-mobile__width-inherit elementor-widget elementor-widget-image\" data-id=\"a20f53b\" data-element_type=\"widget\" data-widget_type=\"image.default\">\n\t\t\t\t<div class=\"elementor-widget-container\">\n\t\t\t\t\t\t\t\t\t\t\t\t\t\t\t<img fetchpriority=\"high\" decoding=\"async\" width=\"800\" height=\"1000\" src=\"https:\/\/www.sima-handel.com\/wp-content\/uploads\/ansprechpartner\/mailin-vidal-costas-819x1024.webp\" class=\"attachment-large size-large wp-image-2151\" alt=\"Retrato de Mailin Vidal Costas\" srcset=\"https:\/\/www.sima-handel.com\/wp-content\/uploads\/ansprechpartner\/mailin-vidal-costas-819x1024.webp 819w, https:\/\/www.sima-handel.com\/wp-content\/uploads\/ansprechpartner\/mailin-vidal-costas-240x300.webp 240w, https:\/\/www.sima-handel.com\/wp-content\/uploads\/ansprechpartner\/mailin-vidal-costas-768x960.webp 768w, https:\/\/www.sima-handel.com\/wp-content\/uploads\/ansprechpartner\/mailin-vidal-costas-1229x1536.webp 1229w, https:\/\/www.sima-handel.com\/wp-content\/uploads\/ansprechpartner\/mailin-vidal-costas-1639x2048.webp 1639w, https:\/\/www.sima-handel.com\/wp-content\/uploads\/ansprechpartner\/mailin-vidal-costas-scaled.webp 2048w\" sizes=\"(max-width: 800px) 100vw, 800px\" \/>\t\t\t\t\t\t\t\t\t\t\t\t\t\t\t<\/div>\n\t\t\t\t<\/div>\n\t\t\t\t<div class=\"elementor-element elementor-element-2cd38bd elementor-widget elementor-widget-text-editor\" data-id=\"2cd38bd\" data-element_type=\"widget\" data-widget_type=\"text-editor.default\">\n\t\t\t\t<div class=\"elementor-widget-container\">\n\t\t\t\t\t\t\t\t\t<p>SIMA GmbH\u2028 <br>Frau Mailin Vidal Costas\u2028 <br>Anton-Tonoli-Str. 3\u2028 <br>D-77790 Steinach, Baden <\/p><p>Tel\u00e9fono:: <span style=\"text-decoration: underline;\"><a title=\"Llame al +497832975300\" href=\"tel:+497832975300\" target=\"_blank\" rel=\"noopener\" data-fpl-component=\"\">+49 7832 975300<\/a><\/span><br>Correo electr\u00f3nico: <span style=\"text-decoration: underline;\"><a title=\"Abre un nuevo correo electr\u00f3nico a m.vidalcostas@sima-handel.com\" href=\"mailto:m.vidalcostas@sima-handel.com?subject=Bewerbung%20als%20Vertriebsmitarbeiter\/Vertriebsassistent%20Innendienst%20(m\/w\/d)&amp;body=Sehr%20geehrte%20Frau%20Mailin%20Vidal%20Costas,\" target=\"_blank\" rel=\"noopener\" data-fpl-component=\"\">m.vidalcostas@sima-handel.com<\/a><\/span><\/p>\t\t\t\t\t\t\t\t<\/div>\n\t\t\t\t<\/div>\n\t\t\t\t<\/div>\n\t\t\t\t\t<\/div>\n\t\t\t\t<\/div>\n\t\t\t\t<\/div>\n\t\t","protected":false},"excerpt":{"rendered":"<p>Forma parte de una empresa innovadora y en constante crecimiento con m\u00e1s de 20 a\u00f1os de experiencia en el comercio, la confecci\u00f3n por encargo y la fabricaci\u00f3n de productos de vell\u00f3n. Te esperan tareas variadas, modernas instalaciones de producci\u00f3n, procesos de trabajo flexibles y un equipo que colabora en un ambiente de compa\u00f1erismo. Dise\u00f1a tu [&hellip;]<\/p>\n","protected":false},"author":2,"featured_media":0,"parent":0,"menu_order":1007,"comment_status":"closed","ping_status":"closed","template":"","meta":{"footnotes":""},"class_list":["post-2150","page","type-page","status-publish","hentry"],"_links":{"self":[{"href":"https:\/\/www.sima-handel.com\/es\/wp-json\/wp\/v2\/pages\/2150","targetHints":{"allow":["GET"]}}],"collection":[{"href":"https:\/\/www.sima-handel.com\/es\/wp-json\/wp\/v2\/pages"}],"about":[{"href":"https:\/\/www.sima-handel.com\/es\/wp-json\/wp\/v2\/types\/page"}],"author":[{"embeddable":true,"href":"https:\/\/www.sima-handel.com\/es\/wp-json\/wp\/v2\/users\/2"}],"replies":[{"embeddable":true,"href":"https:\/\/www.sima-handel.com\/es\/wp-json\/wp\/v2\/comments?post=2150"}],"version-history":[{"count":6,"href":"https:\/\/www.sima-handel.com\/es\/wp-json\/wp\/v2\/pages\/2150\/revisions"}],"predecessor-version":[{"id":4215,"href":"https:\/\/www.sima-handel.com\/es\/wp-json\/wp\/v2\/pages\/2150\/revisions\/4215"}],"wp:attachment":[{"href":"https:\/\/www.sima-handel.com\/es\/wp-json\/wp\/v2\/media?parent=2150"}],"curies":[{"name":"wp","href":"https:\/\/api.w.org\/{rel}","templated":true}]}}

<div data-elementor-type="wp-page" data-elementor-id="2150" class="elementor elementor-2150 elementor-151" data-elementor-post-type="page">
				<div class="elementor-element elementor-element-bbae64e pad-b-m e-flex e-con-boxed e-con e-parent" data-id="bbae64e" data-element_type="container" id="content" data-settings="{&quot;jet_parallax_layout_list&quot;:[]}">
					<div class="e-con-inner">
				<div class="elementor-element elementor-element-830c186 elementor-widget__width-initial elementor-widget elementor-widget-heading" data-id="830c186" data-element_type="widget" data-widget_type="heading.default">
				<div class="elementor-widget-container">
					<h1 class="elementor-heading-title elementor-size-default">Carrera</h1>				</div>
				</div>
				<div class="elementor-element elementor-element-d23b77d elementor-widget__width-initial elementor-widget-tablet_extra__width-inherit elementor-widget-tablet__width-inherit elementor-widget-mobile_extra__width-inherit elementor-widget-mobile__width-inherit elementor-widget elementor-widget-text-editor" data-id="d23b77d" data-element_type="widget" data-widget_type="text-editor.default">
				<div class="elementor-widget-container">
									<p>Forma parte de una empresa innovadora y en constante crecimiento con más de 20 años de experiencia en el comercio, la confección por encargo y la fabricación de productos de vellón. Te esperan tareas variadas, modernas instalaciones de producción, procesos de trabajo flexibles y un equipo que colabora en un ambiente de compañerismo. Diseña tu futuro profesional con nosotros, ¡te esperamos!  </p>								</div>
				</div>
				<div class="elementor-element elementor-element-204da2c elementor-widget elementor-widget-jet-listing-grid" data-id="204da2c" data-element_type="widget" data-settings="{&quot;columns&quot;:&quot;1&quot;,&quot;columns_tablet&quot;:&quot;1&quot;,&quot;columns_mobile&quot;:&quot;1&quot;}" data-widget_type="jet-listing-grid.default">
				<div class="elementor-widget-container">
					<div class="jet-listing-grid jet-listing"><div class="jet-listing-not-found jet-listing-grid__items" data-nav="{&quot;enabled&quot;:true,&quot;type&quot;:&quot;click&quot;,&quot;more_el&quot;:null,&quot;query&quot;:{&quot;post_status&quot;:[&quot;publish&quot;],&quot;post_type&quot;:&quot;karriere&quot;,&quot;posts_per_page&quot;:&quot;100&quot;,&quot;paged&quot;:&quot;1&quot;,&quot;ignore_sticky_posts&quot;:&quot;1&quot;,&quot;order&quot;:&quot;ASC&quot;,&quot;orderby&quot;:&quot;title&quot;,&quot;signature&quot;:&quot;2a6edf9ef415fdee7bc47a7ae3ce0ab1606e304c4fe93aaaaa49a18025f507d6&quot;},&quot;widget_settings&quot;:{&quot;lisitng_id&quot;:958,&quot;posts_num&quot;:100,&quot;columns&quot;:1,&quot;columns_tablet&quot;:1,&quot;columns_mobile&quot;:1,&quot;column_min_width&quot;:240,&quot;column_min_width_tablet&quot;:240,&quot;column_min_width_mobile&quot;:240,&quot;inline_columns_css&quot;:false,&quot;is_archive_template&quot;:&quot;&quot;,&quot;post_status&quot;:[&quot;publish&quot;],&quot;use_random_posts_num&quot;:&quot;&quot;,&quot;max_posts_num&quot;:9,&quot;not_found_message&quot;:&quot;Actualmente no tenemos puestos vacantes.&quot;,&quot;is_masonry&quot;:false,&quot;equal_columns_height&quot;:&quot;yes&quot;,&quot;use_load_more&quot;:&quot;yes&quot;,&quot;load_more_id&quot;:&quot;&quot;,&quot;load_more_type&quot;:&quot;click&quot;,&quot;load_more_offset&quot;:{&quot;unit&quot;:&quot;px&quot;,&quot;size&quot;:0,&quot;sizes&quot;:[]},&quot;use_custom_post_types&quot;:&quot;&quot;,&quot;custom_post_types&quot;:[],&quot;hide_widget_if&quot;:&quot;&quot;,&quot;carousel_enabled&quot;:&quot;&quot;,&quot;slides_to_scroll&quot;:&quot;1&quot;,&quot;arrows&quot;:&quot;true&quot;,&quot;arrow_icon&quot;:&quot;fa fa-angle-left&quot;,&quot;dots&quot;:&quot;&quot;,&quot;autoplay&quot;:&quot;true&quot;,&quot;pause_on_hover&quot;:&quot;true&quot;,&quot;autoplay_speed&quot;:5000,&quot;infinite&quot;:&quot;true&quot;,&quot;center_mode&quot;:&quot;&quot;,&quot;effect&quot;:&quot;slide&quot;,&quot;speed&quot;:500,&quot;inject_alternative_items&quot;:&quot;&quot;,&quot;injection_items&quot;:[],&quot;scroll_slider_enabled&quot;:&quot;&quot;,&quot;scroll_slider_on&quot;:[&quot;desktop&quot;,&quot;tablet&quot;,&quot;mobile&quot;],&quot;custom_query&quot;:false,&quot;custom_query_id&quot;:&quot;&quot;,&quot;_element_id&quot;:&quot;&quot;,&quot;collapse_first_last_gap&quot;:false,&quot;list_tag_selection&quot;:&quot;&quot;,&quot;list_items_wrapper_tag&quot;:&quot;div&quot;,&quot;list_item_tag&quot;:&quot;div&quot;,&quot;empty_items_wrapper_tag&quot;:&quot;div&quot;}}" data-listing-source="posts" data-listing-id="958" data-query-id="" data-queried-id="2150|WP_Post">Actualmente no tenemos puestos vacantes.</div></div>				</div>
				</div>
					</div>
				</div>
		<div class="elementor-element elementor-element-57dddc1 pad-tb-m e-flex e-con-boxed e-con e-parent" data-id="57dddc1" data-element_type="container" data-settings="{&quot;jet_parallax_layout_list&quot;:[],&quot;background_background&quot;:&quot;classic&quot;}">
					<div class="e-con-inner">
		<div class="elementor-element elementor-element-efd9f2a e-con-full e-flex e-con e-child" data-id="efd9f2a" data-element_type="container" data-settings="{&quot;background_background&quot;:&quot;classic&quot;,&quot;jet_parallax_layout_list&quot;:[]}">
				<div class="elementor-element elementor-element-18f6654 elementor-widget elementor-widget-heading" data-id="18f6654" data-element_type="widget" data-widget_type="heading.default">
				<div class="elementor-widget-container">
					<h2 class="elementor-heading-title elementor-size-default">Esperamos recibir su solicitud con todos los datos pertinentes.</h2>				</div>
				</div>
				</div>
		<div class="elementor-element elementor-element-672ebd2 e-con-full e-flex e-con e-child" data-id="672ebd2" data-element_type="container" data-settings="{&quot;background_background&quot;:&quot;classic&quot;,&quot;jet_parallax_layout_list&quot;:[]}">
				<div class="elementor-element elementor-element-a20f53b elementor-widget__width-initial elementor-widget-laptop__width-initial elementor-widget-mobile_extra__width-inherit elementor-widget-mobile__width-inherit elementor-widget elementor-widget-image" data-id="a20f53b" data-element_type="widget" data-widget_type="image.default">
				<div class="elementor-widget-container">
															<img fetchpriority="high" decoding="async" width="800" height="1000" src="https://www.sima-handel.com/wp-content/uploads/ansprechpartner/mailin-vidal-costas-819x1024.webp" class="attachment-large size-large wp-image-2151" alt="Retrato de Mailin Vidal Costas" srcset="https://www.sima-handel.com/wp-content/uploads/ansprechpartner/mailin-vidal-costas-819x1024.webp 819w, https://www.sima-handel.com/wp-content/uploads/ansprechpartner/mailin-vidal-costas-240x300.webp 240w, https://www.sima-handel.com/wp-content/uploads/ansprechpartner/mailin-vidal-costas-768x960.webp 768w, https://www.sima-handel.com/wp-content/uploads/ansprechpartner/mailin-vidal-costas-1229x1536.webp 1229w, https://www.sima-handel.com/wp-content/uploads/ansprechpartner/mailin-vidal-costas-1639x2048.webp 1639w, https://www.sima-handel.com/wp-content/uploads/ansprechpartner/mailin-vidal-costas-scaled.webp 2048w" sizes="(max-width: 800px) 100vw, 800px" />															</div>
				</div>
				<div class="elementor-element elementor-element-2cd38bd elementor-widget elementor-widget-text-editor" data-id="2cd38bd" data-element_type="widget" data-widget_type="text-editor.default">
				<div class="elementor-widget-container">
									<p>SIMA GmbH  <br>Frau Mailin Vidal Costas  <br>Anton-Tonoli-Str. 3  <br>D-77790 Steinach, Baden </p><p>Teléfono:: <span style="text-decoration: underline;"><a title="Llame al +497832975300" href="tel:+497832975300" target="_blank" rel="noopener" data-fpl-component="">+49 7832 975300</a></span><br>Correo electrónico: <span style="text-decoration: underline;"><a title="Abre un nuevo correo electrónico a m.vidalcostas@sima-handel.com" href="mailto:m.vidalcostas@sima-handel.com?subject=Bewerbung%20als%20Vertriebsmitarbeiter/Vertriebsassistent%20Innendienst%20(m/w/d)&amp;body=Sehr%20geehrte%20Frau%20Mailin%20Vidal%20Costas," target="_blank" rel="noopener" data-fpl-component="">m.vidalcostas@sima-handel.com</a></span></p>								</div>
				</div>
				</div>
					</div>
				</div>
				</div>

<p>Forma parte de una empresa innovadora y en constante crecimiento con más de 20 años de experiencia en el comercio, la confección por encargo y la fabricación de productos de vellón. Te esperan tareas variadas, modernas instalaciones de producción, procesos de trabajo flexibles y un equipo que colabora en un ambiente de compañerismo. Diseña tu [&hellip;]</p>
