{"id":2136,"date":"2025-08-20T09:05:26","date_gmt":"2025-08-20T07:05:26","guid":{"rendered":"https:\/\/www.sima-handel.de\/declaracion-de-accesibilidad\/"},"modified":"2026-01-26T18:31:12","modified_gmt":"2026-01-26T17:31:12","slug":"declaracion-de-accesibilidad","status":"publish","type":"page","link":"https:\/\/www.sima-handel.com\/es\/declaracion-de-accesibilidad\/","title":{"rendered":"Declaraci\u00f3n de accesibilidad"},"content":{"rendered":"\t\t<div data-elementor-type=\"wp-page\" data-elementor-id=\"2136\" class=\"elementor elementor-2136 elementor-174\" data-elementor-post-type=\"page\">\n\t\t\t\t<div class=\"elementor-element elementor-element-46dc240 pad-b-m e-flex e-con-boxed e-con e-parent\" data-id=\"46dc240\" data-element_type=\"container\" id=\"content\" data-settings=\"{&quot;jet_parallax_layout_list&quot;:[]}\">\n\t\t\t\t\t<div class=\"e-con-inner\">\n\t\t\t\t<div class=\"elementor-element elementor-element-f5611f8 elementor-widget elementor-widget-heading\" data-id=\"f5611f8\" data-element_type=\"widget\" data-widget_type=\"heading.default\">\n\t\t\t\t<div class=\"elementor-widget-container\">\n\t\t\t\t\t<h1 class=\"elementor-heading-title elementor-size-default\">Declaraci\u00f3n de accesibilidad<\/h1>\t\t\t\t<\/div>\n\t\t\t\t<\/div>\n\t\t\t\t<div class=\"elementor-element elementor-element-784632d elementor-widget__width-initial elementor-widget-tablet_extra__width-inherit elementor-widget-tablet__width-inherit elementor-widget-mobile_extra__width-inherit elementor-widget-mobile__width-inherit elementor-widget-laptop__width-inherit elementor-widget elementor-widget-text-editor\" data-id=\"784632d\" data-element_type=\"widget\" data-widget_type=\"text-editor.default\">\n\t\t\t\t<div class=\"elementor-widget-container\">\n\t\t\t\t\t\t\t\t\t<p>Esta declaraci\u00f3n de accesibilidad se aplica al sitio web <a title=\"Abre un enlace interno a la p\u00e1gina de inicio de Sima GmbH.\" href=\"https:\/\/sima-handel.w-1.webco.dev\/\" target=\"_blank\" rel=\"noopener\">sima-handel.de<\/a>.<\/p><h2>Accesibilidad de este sitio web<\/h2><p>Nos esforzamos para que nuestro sitio web <a title=\"Abre un enlace interno a la p\u00e1gina de inicio de Sima GmbH.\" href=\"https:\/\/sima-handel.w-1.webco.dev\/\" target=\"_blank\" rel=\"noopener\">sima-handel.de<\/a> sea accesible para todos. La base jur\u00eddica es la Ley de Discriminaci\u00f3n por Discapacidad (BGG) y la Ordenanza sobre Tecnolog\u00edas de la Informaci\u00f3n sin Barreras (BITV 2.0) en su versi\u00f3n actual.<\/p><div class=\"wco-wiki-blockformat-lightblue\"><p>Se comprob\u00f3 una selecci\u00f3n representativa de p\u00e1ginas utilizando la autoevaluaci\u00f3n BITV (<strong><a title=\"Abre un enlace externo a la p\u00e1gina https:\/\/bitvtest.de\/tests-und-beratung\/selbst-testen\/bitv-selbstbewertung en una nueva ventana.\" href=\"https:\/\/bitvtest.de\/tests-und-beratung\/selbst-testen\/bitv-selbstbewertung\" target=\"_blank\" rel=\"noopener\">https:\/\/bitvtest.de\/tests-und-beratung\/selbst-testen\/bitv-selbstbewertung<\/a><\/strong>). El estado de desarrollo determinado se considera \u00abconforme con la BITV\u00bb, salvo en lo que respecta a los v\u00eddeos, de conformidad con las disposiciones.<\/p><p><em>Esta declaraci\u00f3n se redact\u00f3 el 1 de septiembre de 2025 y se revis\u00f3 el 26 de enero de 2026.<\/em><\/p><\/div><div id=\"lt-accessibility-devtools\" aria-hidden=\"true\"> <\/div>\t\t\t\t\t\t\t\t<\/div>\n\t\t\t\t<\/div>\n\t\t\t\t<div class=\"elementor-element elementor-element-88eda27 elementor-widget__width-initial elementor-widget-tablet_extra__width-inherit elementor-widget-tablet__width-inherit elementor-widget-mobile_extra__width-inherit elementor-widget-mobile__width-inherit elementor-widget-laptop__width-inherit elementor-widget elementor-widget-text-editor\" data-id=\"88eda27\" data-element_type=\"widget\" data-widget_type=\"text-editor.default\">\n\t\t\t\t<div class=\"elementor-widget-container\">\n\t\t\t\t\t\t\t\t\t<h2>Barreras en este sitio web<\/h2><ul><li>Los v\u00eddeos del sitio web no tienen subt\u00edtulos ni audiodescripci\u00f3n.<\/li><\/ul><div id=\"lt-accessibility-devtools\" aria-hidden=\"true\"> <\/div>\t\t\t\t\t\t\t\t<\/div>\n\t\t\t\t<\/div>\n\t\t\t\t<div class=\"elementor-element elementor-element-920f181 elementor-widget__width-initial elementor-widget-tablet_extra__width-inherit elementor-widget-tablet__width-inherit elementor-widget-mobile_extra__width-inherit elementor-widget-mobile__width-inherit elementor-widget-laptop__width-inherit elementor-widget elementor-widget-text-editor\" data-id=\"920f181\" data-element_type=\"widget\" data-widget_type=\"text-editor.default\">\n\t\t\t\t<div class=\"elementor-widget-container\">\n\t\t\t\t\t\t\t\t\t<div class=\"wco-wiki-blockformat-lightblue\"><h3>Comentarios y contacto<\/h3><\/div><p>Si encuentra alguna barrera al utilizar nuestra p\u00e1gina web, le rogamos que nos lo comunique. No dude en ponerse en contacto con nosotros si tiene alguna pregunta sobre la accesibilidad. <\/p><p>Puede ponerse en contacto con nosotros por correo electr\u00f3nico o por tel\u00e9fono:<\/p><p>Sima GmbH<br>Anton-Tonoli-Str. 3<br>D-77790 Steinach<\/p><p>Tel\u00e9fono: <a title=\"Llame al +497832975300\" href=\"tel:+497832975300\">+49 (0)7832 97530-0<\/a><br>Correo electr\u00f3nico: <a title=\"Enviar un correo electr\u00f3nico a info@sima-handel.com\" href=\"mailto:info@sima-handel.com\">info@sima-handel.com<\/a><\/p><h4>Procedimiento de conciliaci\u00f3n<\/h4><p>El Comisionado del Gobierno Federal para los Asuntos de las Personas con Discapacidad cuenta con un \u00f3rgano de conciliaci\u00f3n seg\u00fan el art\u00edculo 16 de la Ley Federal de Discapacidad (BGG). Su funci\u00f3n es resolver los conflictos entre las personas con discapacidad y los organismos p\u00fablicos federales. <\/p><p>Si no est\u00e1 satisfecho con las respuestas obtenidas a trav\u00e9s del canal de contacto mencionado anteriormente, puede ponerse en contacto con el organismo de conciliaci\u00f3n. El objetivo del procedimiento no es determinar qui\u00e9n gana o qui\u00e9n pierde, sino encontrar conjuntamente una soluci\u00f3n extrajudicial al problema. <\/p><p>Das Schlichtungsverfahren ist kostenlos, und Sie ben\u00f6tigen keinen Rechtsbeistand.<\/p><p>Encontrar\u00e1 informaci\u00f3n detallada sobre el procedimiento en la p\u00e1gina web del \u00f3rgano de conciliaci\u00f3n. All\u00ed podr\u00e1 informarse sobre c\u00f3mo se desarrolla el procedimiento y c\u00f3mo puede presentar una solicitud de conciliaci\u00f3n, tambi\u00e9n en <strong><a title=\"Abre el sitio web del \u00f3rgano de conciliaci\u00f3n (secci\u00f3n \u00abLenguaje sencillo\u00bb) en una nueva ventana.\" href=\"https:\/\/www.schlichtungsstelle-bgg.de\/Webs\/SchliBGG\/DE\/LS\/startseite\/startseite-node.html\" target=\"_blank\" rel=\"noopener\">lenguaje sencillo<\/a><\/strong> o en <a title=\"\u00d6ffnet die Website der Schlichtungsstelle (Bereich Deutsche Geb\u00e4rdensprache) in einem neuen Fenster\" href=\"https:\/\/www.schlichtungsstelle-bgg.de\/Webs\/SchliBGG\/DE\/GBS\/startseite\/startseite-node.html\" target=\"_blank\" rel=\"noopener\"><strong>lengua de signos alemana<\/strong><\/a>. <\/p><p>Puede ponerse en contacto con el organismo de conciliaci\u00f3n en la siguiente direcci\u00f3n:<\/p><p>\u00d3rgano de conciliaci\u00f3n seg\u00fan la Ley de igualdad de personas con discapacidad<br>del Delegado del Gobierno Federal para los Asuntos de las Personas con Discapacidad<br>Mauerstra\u00dfe 53<br>D-10117 Berl\u00edn<\/p><p>Tel\u00e9fono:: <strong><a title=\"Llamar a este n\u00famero de tel\u00e9fono\" href=\"tel:+4930185272805\">+49 (0)30 18 527-2805<\/a><\/strong><br>Fax: +49 (0)30 18 527-2901<br>Correo electr\u00f3nico: <a title=\"Enviar un correo electr\u00f3nico a info@schlichtungsstelle-bgg.de\" href=\"mailto:info@schlichtungsstelle-bgg.de\"><strong>info@schlichtungsstelle-bgg.de<\/strong><\/a><br>Internet: <strong><a title=\"Abre el sitio web del \u00f3rgano de conciliaci\u00f3n en una nueva ventana.\" href=\"https:\/\/www.schlichtungsstelle-bgg.de\" target=\"_blank\" rel=\"noopener\">www.schlichtungsstelle-bgg.de<\/a><\/strong><\/p><div id=\"lt-accessibility-devtools\" aria-hidden=\"true\"> <\/div>\t\t\t\t\t\t\t\t<\/div>\n\t\t\t\t<\/div>\n\t\t\t\t\t<\/div>\n\t\t\t\t<\/div>\n\t\t\t\t<\/div>\n\t\t","protected":false},"excerpt":{"rendered":"<p>Esta declaraci\u00f3n de accesibilidad se aplica al sitio web sima-handel.de. Accesibilidad de este sitio web Nos esforzamos para que nuestro sitio web sima-handel.de sea accesible para todos. La base jur\u00eddica es la Ley de Discriminaci\u00f3n por Discapacidad (BGG) y la Ordenanza sobre Tecnolog\u00edas de la Informaci\u00f3n sin Barreras (BITV 2.0) en su versi\u00f3n actual. Se [&hellip;]<\/p>\n","protected":false},"author":2,"featured_media":0,"parent":0,"menu_order":1010,"comment_status":"closed","ping_status":"closed","template":"","meta":{"footnotes":""},"class_list":["post-2136","page","type-page","status-publish","hentry"],"_links":{"self":[{"href":"https:\/\/www.sima-handel.com\/es\/wp-json\/wp\/v2\/pages\/2136","targetHints":{"allow":["GET"]}}],"collection":[{"href":"https:\/\/www.sima-handel.com\/es\/wp-json\/wp\/v2\/pages"}],"about":[{"href":"https:\/\/www.sima-handel.com\/es\/wp-json\/wp\/v2\/types\/page"}],"author":[{"embeddable":true,"href":"https:\/\/www.sima-handel.com\/es\/wp-json\/wp\/v2\/users\/2"}],"replies":[{"embeddable":true,"href":"https:\/\/www.sima-handel.com\/es\/wp-json\/wp\/v2\/comments?post=2136"}],"version-history":[{"count":7,"href":"https:\/\/www.sima-handel.com\/es\/wp-json\/wp\/v2\/pages\/2136\/revisions"}],"predecessor-version":[{"id":4555,"href":"https:\/\/www.sima-handel.com\/es\/wp-json\/wp\/v2\/pages\/2136\/revisions\/4555"}],"wp:attachment":[{"href":"https:\/\/www.sima-handel.com\/es\/wp-json\/wp\/v2\/media?parent=2136"}],"curies":[{"name":"wp","href":"https:\/\/api.w.org\/{rel}","templated":true}]}}

Declaración de accesibilidad

<div data-elementor-type="wp-page" data-elementor-id="2136" class="elementor elementor-2136 elementor-174" data-elementor-post-type="page">
				<div class="elementor-element elementor-element-46dc240 pad-b-m e-flex e-con-boxed e-con e-parent" data-id="46dc240" data-element_type="container" id="content" data-settings="{&quot;jet_parallax_layout_list&quot;:[]}">
					<div class="e-con-inner">
				<div class="elementor-element elementor-element-f5611f8 elementor-widget elementor-widget-heading" data-id="f5611f8" data-element_type="widget" data-widget_type="heading.default">
				<div class="elementor-widget-container">
					<h1 class="elementor-heading-title elementor-size-default">Declaración de accesibilidad</h1>				</div>
				</div>
				<div class="elementor-element elementor-element-784632d elementor-widget__width-initial elementor-widget-tablet_extra__width-inherit elementor-widget-tablet__width-inherit elementor-widget-mobile_extra__width-inherit elementor-widget-mobile__width-inherit elementor-widget-laptop__width-inherit elementor-widget elementor-widget-text-editor" data-id="784632d" data-element_type="widget" data-widget_type="text-editor.default">
				<div class="elementor-widget-container">
									<p>Esta declaración de accesibilidad se aplica al sitio web <a title="Abre un enlace interno a la página de inicio de Sima GmbH." href="https://sima-handel.w-1.webco.dev/" target="_blank" rel="noopener">sima-handel.de</a>.</p><h2>Accesibilidad de este sitio web</h2><p>Nos esforzamos para que nuestro sitio web <a title="Abre un enlace interno a la página de inicio de Sima GmbH." href="https://sima-handel.w-1.webco.dev/" target="_blank" rel="noopener">sima-handel.de</a> sea accesible para todos. La base jurídica es la Ley de Discriminación por Discapacidad (BGG) y la Ordenanza sobre Tecnologías de la Información sin Barreras (BITV 2.0) en su versión actual.</p><div class="wco-wiki-blockformat-lightblue"><p>Se comprobó una selección representativa de páginas utilizando la autoevaluación BITV (<strong><a title="Abre un enlace externo a la página https://bitvtest.de/tests-und-beratung/selbst-testen/bitv-selbstbewertung en una nueva ventana." href="https://bitvtest.de/tests-und-beratung/selbst-testen/bitv-selbstbewertung" target="_blank" rel="noopener">https://bitvtest.de/tests-und-beratung/selbst-testen/bitv-selbstbewertung</a></strong>). El estado de desarrollo determinado se considera «conforme con la BITV», salvo en lo que respecta a los vídeos, de conformidad con las disposiciones.</p><p><em>Esta declaración se redactó el 1 de septiembre de 2025 y se revisó el 26 de enero de 2026.</em></p></div><div id="lt-accessibility-devtools" aria-hidden="true"> </div>								</div>
				</div>
				<div class="elementor-element elementor-element-88eda27 elementor-widget__width-initial elementor-widget-tablet_extra__width-inherit elementor-widget-tablet__width-inherit elementor-widget-mobile_extra__width-inherit elementor-widget-mobile__width-inherit elementor-widget-laptop__width-inherit elementor-widget elementor-widget-text-editor" data-id="88eda27" data-element_type="widget" data-widget_type="text-editor.default">
				<div class="elementor-widget-container">
									<h2>Barreras en este sitio web</h2><ul><li>Los vídeos del sitio web no tienen subtítulos ni audiodescripción.</li></ul><div id="lt-accessibility-devtools" aria-hidden="true"> </div>								</div>
				</div>
				<div class="elementor-element elementor-element-920f181 elementor-widget__width-initial elementor-widget-tablet_extra__width-inherit elementor-widget-tablet__width-inherit elementor-widget-mobile_extra__width-inherit elementor-widget-mobile__width-inherit elementor-widget-laptop__width-inherit elementor-widget elementor-widget-text-editor" data-id="920f181" data-element_type="widget" data-widget_type="text-editor.default">
				<div class="elementor-widget-container">
									<div class="wco-wiki-blockformat-lightblue"><h3>Comentarios y contacto</h3></div><p>Si encuentra alguna barrera al utilizar nuestra página web, le rogamos que nos lo comunique. No dude en ponerse en contacto con nosotros si tiene alguna pregunta sobre la accesibilidad. </p><p>Puede ponerse en contacto con nosotros por correo electrónico o por teléfono:</p><p>Sima GmbH<br>Anton-Tonoli-Str. 3<br>D-77790 Steinach</p><p>Teléfono: <a title="Llame al +497832975300" href="tel:+497832975300">+49 (0)7832 97530-0</a><br>Correo electrónico: <a title="Enviar un correo electrónico a info@sima-handel.com" href="mailto:info@sima-handel.com">info@sima-handel.com</a></p><h4>Procedimiento de conciliación</h4><p>El Comisionado del Gobierno Federal para los Asuntos de las Personas con Discapacidad cuenta con un órgano de conciliación según el artículo 16 de la Ley Federal de Discapacidad (BGG). Su función es resolver los conflictos entre las personas con discapacidad y los organismos públicos federales. </p><p>Si no está satisfecho con las respuestas obtenidas a través del canal de contacto mencionado anteriormente, puede ponerse en contacto con el organismo de conciliación. El objetivo del procedimiento no es determinar quién gana o quién pierde, sino encontrar conjuntamente una solución extrajudicial al problema. </p><p>Das Schlichtungsverfahren ist kostenlos, und Sie benötigen keinen Rechtsbeistand.</p><p>Encontrará información detallada sobre el procedimiento en la página web del órgano de conciliación. Allí podrá informarse sobre cómo se desarrolla el procedimiento y cómo puede presentar una solicitud de conciliación, también en <strong><a title="Abre el sitio web del órgano de conciliación (sección «Lenguaje sencillo») en una nueva ventana." href="https://www.schlichtungsstelle-bgg.de/Webs/SchliBGG/DE/LS/startseite/startseite-node.html" target="_blank" rel="noopener">lenguaje sencillo</a></strong> o en <a title="Öffnet die Website der Schlichtungsstelle (Bereich Deutsche Gebärdensprache) in einem neuen Fenster" href="https://www.schlichtungsstelle-bgg.de/Webs/SchliBGG/DE/GBS/startseite/startseite-node.html" target="_blank" rel="noopener"><strong>lengua de signos alemana</strong></a>. </p><p>Puede ponerse en contacto con el organismo de conciliación en la siguiente dirección:</p><p>Órgano de conciliación según la Ley de igualdad de personas con discapacidad<br>del Delegado del Gobierno Federal para los Asuntos de las Personas con Discapacidad<br>Mauerstraße 53<br>D-10117 Berlín</p><p>Teléfono:: <strong><a title="Llamar a este número de teléfono" href="tel:+4930185272805">+49 (0)30 18 527-2805</a></strong><br>Fax: +49 (0)30 18 527-2901<br>Correo electrónico: <a title="Enviar un correo electrónico a info@schlichtungsstelle-bgg.de" href="mailto:info@schlichtungsstelle-bgg.de"><strong>info@schlichtungsstelle-bgg.de</strong></a><br>Internet: <strong><a title="Abre el sitio web del órgano de conciliación en una nueva ventana." href="https://www.schlichtungsstelle-bgg.de" target="_blank" rel="noopener">www.schlichtungsstelle-bgg.de</a></strong></p><div id="lt-accessibility-devtools" aria-hidden="true"> </div>								</div>
				</div>
					</div>
				</div>
				</div>

<p>Esta declaración de accesibilidad se aplica al sitio web sima-handel.de. Accesibilidad de este sitio web Nos esforzamos para que nuestro sitio web sima-handel.de sea accesible para todos. La base jurídica es la Ley de Discriminación por Discapacidad (BGG) y la Ordenanza sobre Tecnologías de la Información sin Barreras (BITV 2.0) en su versión actual. Se [&hellip;]</p>
